163 (base 16) in base 4?
11203
What is -6 (base 14) in base 6?
-10
-1 (base 12) to base 15
-1
What is 14 (base 8) in base 6?
20
Convert -3 (base 13) to base 6.
-3
Convert -13 (base 13) to base 12.
-14
1 (base 5) to base 9
1
What is -224 (base 8) in base 11?
-125
What is 31 (base 15) in base 4?
232
-156 (base 16) to base 13
-204
Convert 2 (base 6) to base 11.
2
Convert 10 (base 16) to base 9.
17
4 (base 16) to base 2
100
What is -8 (base 15) in base 6?
-12
-2c (base 15) to base 10
-42
Convert 26 (base 11) to base 9.
31
2 (base 4) to base 12
2
What is -3 (base 14) in base 11?
-3
Convert 100101 (base 2) to base 7.
52
What is 111101 (base 2) in base 5?
221
Convert 0 (base 2) to base 5.
0
423 (base 5) to base 16
71
Convert -4 (base 16) to base 11.
-4
Convert -1000111 (base 2) to base 16.
-47
What is 11 (base 3) in base 14?
4
What is -3 (base 7) in base 10?
-3
Convert -2 (base 5) to base 2.
-10
Convert 3 (base 11) to base 8.
3
Convert -16 (base 13) to base 14.
-15
Convert 1 (base 10) to base 4.
1
Convert -2 (base 12) to base 5.
-2
What is 6 (base 13) in base 2?
110
Convert 12 (base 8) to base 4.
22
What is -6 (base 13) in base 3?
-20
-1321 (base 4) to base 7
-232
Convert 8 (base 13) to base 11.
8
Convert -1 (base 5) to base 7.
-1
Convert 2 (base 7) to base 15.
2
Convert 255 (base 8) to base 14.
c5
-c (base 15) to base 3
-110
4 (base 10) to base 11
4
Convert 1 (base 15) to base 4.
1
What is 6 (base 9) in base 7?
6
1110100 (base 2) to base 5
431
Convert -65 (base 16) to base 10.
-101
What is 2 (base 14) in base 7?
2
-3 (base 9) to base 2
-11
-247 (base 8) to base 5
-1132
Convert -7d (base 16) to base 15.
-85
-223 (base 5) to base 10
-63
Convert 123 (base 5) to base 2.
100110
Convert -6 (base 11) to base 8.
-6
What is -231 (base 4) in base 5?
-140
Convert -35 (base 8) to base 5.
-104
What is 0 (base 15) in base 10?
0
Convert -2 (base 7) to base 2.
-10
26 (base 7) to base 16
14
What is -4 (base 16) in base 5?
-4
3 (base 9) to base 3
10
What is -9 (base 11) in base 4?
-21
What is 2d (base 15) in base 4?
223
Convert -1a (base 12) to base 9.
-24
What is 8 (base 13) in base 10?
8
What is 1 (base 10) in base 14?
1
What is af (base 16) in base 8?
257
Convert -20 (base 10) to base 11.
-19
What is 10 (base 3) in base 15?
3
What is 207 (base 11) in base 15?
119
What is 3 (base 16) in base 5?
3
1b9 (base 12) to base 2
100011101
Convert 7 (base 14) to base 8.
7
10100 (base 2) to base 10
20
Convert -3 (base 9) to base 12.
-3
Convert 245 (base 10) to base 6.
1045
What is 11 (base 3) in base 4?
10
What is 37 (base 9) in base 12?
2a
What is -12 (base 15) in base 3?
-122
What is -7 (base 15) in base 13?
-7
Convert -5 (base 6) to base 8.
-5
Convert -2 (base 15) to base 5.
-2
What is -100 (base 3) in base 6?
-13
What is 33 (base 4) in base 15?
10
184 (base 10) to base 11
158
Convert f (base 16) to base 3.
120
Convert -51 (base 10) to base 11.
-47
What is -1 (base 10) in base 9?
-1
What is 1001 (base 3) in base 8?
34
Convert 10 (base 10) to base 4.
22
-6 (base 13) to base 15
-6
Convert 2 (base 7) to base 15.
2
-2 (base 13) to base 12
-2
-100 (base 2) to base 6
-4
What is -21 (base 11) in base 9?
-25
What is 2 (base 10) in base 9?
2
What is -2 (base 14) in base 6?
-2
What is 0 (base 5) in base 6?
0
124 (base 16) to base 12
204
Convert -5 (base 16) to base 8.
-5
3 (base 8) to base 6
3
What is -41 (base 10) in base 8?
-51
What is -6 (base 7) in base 3?
-20
-423 (base 6) to base 7
-315
What is 0 (base 4) in base 15?
0
Convert 0 (base 13) to base 10.
0
What is -58 (base 15) in base 16?
-53
What is -132 (base 6) in base 8?
-70
Convert 322 (base 6) to base 3.
11112
Convert 1 (base 15) to base 14.
1
What is -101 (base 3) in base 5?
-20
Convert 20 (base 3) to base 16.
6
-70 (base 12) to base 15
-59
What is 10011110 (base 2) in base 3?
12212
Convert b (base 13) to base 9.
12
What is 10 (base 3) in base 13?
3
What is 24 (base 7) in base 3?
200
What is 2 (base 6) in base 9?
2
-13 (base 4) to base 10
-7
Convert 20 (base 4) to base 13.
8
-1 (base 3) to base 15
-1
What is -15 (base 12) in base 11?
-16
What is 3 (base 12) in base 11?
3
What is -6 (base 11) in base 9?
-6
Convert 111 (base 6) to base 13.
34
Convert -1 (base 8) to base 12.
-1
Convert 1 (base 11) to base 6.
1
Convert -22 (base 3) to base 12.
-8
What is 0 (base 10) in base 11?
0
Convert -4 (base 14) to base 3.
-11
What is -35 (base 6) in base 8?
-27
Convert -19 (base 11) to base 4.
-110
What is 73 (base 14) in base 12?
85
-a (base 11) to base 7
-13
-70 (base 8) to base 2
-111000
Convert 77 (base 13) to base 2.
1100010
Convert 8f (base 16) to base 5.
1033
What is 1 (base 8) in base 5?
1
What is -1 (base 2) in base 15?
-1
What is 2 (base 12) in base 7?
2
Convert -42 (base 6) to base 10.
-26
Convert -1012 (base 3) to base 8.
-40
52 (base 15) to base 12
65
-110 (base 2) to base 9
-6
What is 63 (base 7) in base 9?
50
7 (base 12) to base 14
7
Convert -33 (base 5) to base 9.
-20
What is 1102 (base 4) in base 3?
10001
What is -1 (base 12) in base 13?
-1
Convert -13 (base 16) to base 11.
-18
100 (base 2) to base 15
4
What is 4 (base 5) in base 2?
100
What is 7 (base 11) in base 13?
7
What is -220 (base 4) in base 5?
-130
-101 (base 2) to base 13
-5
Convert -30 (base 10) to base 13.
-24
2 (base 7) to base 14
2
-e (base 16) to base 8
-16
-76 (base 13) to base 4
-1201
Convert -35 (base 6) to base 12.
-1b
2 (base 14) to base 8
2
What is 3 (base 4) in base 15?
3
What is 39 (base 10) in base 3?
1110
What is 5 (base 9) in base 11?
5
-11001 (base 2) to base 7
-34
What is -1110 (base 2) in base 10?
-14
Convert 0 (base 14) to base 3.
0
-322 (base 4) to base 11
-53
85 (base 12) to base 11
92
Convert a (base 12) to base 6.
14
What is -2 (base 4) in base 10?
-2
What is 6 (base 10) in base 3?
20
What is -9 (base 16) in base 2?
-1001
3120 (base 4) to base 14
116
Convert -183 (base 9) to base 11.
-132
What is -2 (base 3) in base 9?
-2
What is -1 (base 2) in base 7?
-1
Convert e (base 16) to base 4.
32
What is 1 (base 10) in base 15?
1
5 (base 12) to base 6
5
Convert 4a (base 13) to base 11.
57
11 (base 2) to base 4
3
What is -160 (base 10) in base 11?
-136
Convert 1110 (base 2) to base 13.
11
Convert 17 (base 8) to base 5.
30
What is 30 (base 4) in base 2?
1100
Convert 250 (base 9) to base 3.
21200
What is -42 (base 16) in base 10?
-66
Convert -10 (base 3) to base 10.
-3
Convert 3 (base 5) to base 13.
3
What is -1110 (base 5) in base 7?
-311
What is -2 (base 16) in base 3?
-2
Convert 5 (base 12) to base 16.
5
2 (base 7) to base 12
2
Convert 7 (base 13) to base 16.
7
What is -34 (base 8) in base 15?
-1d
13 (base 6) to base 5
14
Convert -1 (base 15) to base 10.
-1
Convert 1 (base 4) to base 9.
1
-431 (base 6) to base 11
-139
What is 5 (base 15) in base 6?
5
What is -32 (base 15) in base 12?
-3b
What is 18 (base 15) in base 14?
19
What is 2 (base 14) in base 12?
2
31 (base 6) to base 9
21
Convert -6a (base 15) to base 3.
-10201
132 (base 6) to base 7
110
-31 (base 11) to base 4
-202
What is 0 (base 4) in base 5?
0
Convert 1 (base 7) to base 12.
1
What is -10 (base 8) in base 9?
-8
-17 (base 11) to base 14
-14
What is 29 (base 11) in base 5?
111
What is -5 (base 7) in base 3?
-12
What is 110 (base 10) in base 4?
1232
2 (base 5) to base 11
2
What is -4 (base 15) in base 4?
-10
What is 1 (base 5) in base 13?
1
Convert -15a (base 15) to base 11.
-262
Convert 11 (base 3) to base 16.
4
What is -13 (base 14) in base 5?
-32
What is -100 (base 2) in base 14?
-4
-243 (base 8) to base 15
-ad
-1 (base 7) to base 13
-1
What is 3 (base 13) in base 14?
3
What is 4 (base 12) in base 13?
4
2 (base 15) to base 13
2
17 (base 12) to base 14
15
-12 (base 14) to base 9
-17
What is a (base 16) in base 3?
101
What is 2 (base 5) in base 3?
2
553 (base 6) to base 2
11010101
What is 102 (base 7) in base 10?
51
What is 1031 (base 5) in base 16?
8d
Convert -1100 (base 2) to base 8.
-14
What is 1 (base 7) in base 15?
1
What is 284 (base 10) in base 7?
554
-32 (base 6) to base 12
-18
Convert 253 (base 6) to base 16.
69
What is 2b (base 15) in base 11?
38
Convert -e (base 16) to base 15.
-e
What is -210 (base 3) in base 6?
-33
Convert 2 (base 16) to base 13.
2
What is 5 (base 6) in base 9?
5
What is 4 (base 14) in base 11?
4
What is -3 (base 12) in base 9?
-3
What is -1 (base 2) 